{"id":8548,"date":"2021-02-24T09:10:49","date_gmt":"2021-02-24T08:10:49","guid":{"rendered":"https:\/\/eoc.cat\/?page_id=8548"},"modified":"2021-02-24T09:11:24","modified_gmt":"2021-02-24T08:11:24","slug":"formulari-cv","status":"publish","type":"page","link":"https:\/\/eoc.cat\/ca\/formulari-cv\/","title":{"rendered":"Formulari CV"},"content":{"rendered":"<p>[et_pb_section fb_built=&#8221;1&#8243; admin_label=&#8221;MOLLES DE PA CURSOS CA&#8221; _builder_version=&#8221;4.7.7&#8243; _module_preset=&#8221;default&#8221;][et_pb_row column_structure=&#8221;3_4,1_4&#8243; make_equal=&#8221;on&#8221; _builder_version=&#8221;4.7.7&#8243; _module_preset=&#8221;default&#8221;][et_pb_column type=&#8221;3_4&#8243; _builder_version=&#8221;4.7.7&#8243; _module_preset=&#8221;default&#8221;][et_pb_dmb_breadcrumbs font_icon=&#8221;%%20%%&#8221; _builder_version=&#8221;4.7.7&#8243; _module_preset=&#8221;default&#8221; body_text_align=&#8221;left&#8221; link_text_color=&#8221;#004b87&#8243; linkhover_text_color=&#8221;#002855&#8243; custom_padding=&#8221;10px||||false|false&#8221;][\/et_pb_dmb_breadcrumbs][\/et_pb_column][et_pb_column type=&#8221;1_4&#8243; _builder_version=&#8221;4.7.7&#8243; _module_preset=&#8221;default&#8221;][\/et_pb_column][\/et_pb_row][\/et_pb_section][et_pb_section fb_built=&#8221;1&#8243; admin_label=&#8221;CAP\u00c7ALERA CURS CA&#8221; _builder_version=&#8221;4.7.7&#8243; _module_preset=&#8221;default&#8221; background_color=&#8221;#004b87&#8243;][et_pb_row _builder_version=&#8221;4.7.7&#8243; _module_preset=&#8221;default&#8221;][et_pb_column type=&#8221;4_4&#8243; _builder_version=&#8221;4.7.7&#8243; _module_preset=&#8221;default&#8221;][et_pb_text admin_label=&#8221;H1 + intro&#8221; _builder_version=&#8221;4.7.7&#8243; _module_preset=&#8221;default&#8221; background_layout=&#8221;dark&#8221;]<\/p>\n<h1>Gr\u00e0cies per enviar el teu curr\u00edculum<\/h1>\n<p>Hem rebut les teves dades. Et contactarem en el cas que el teu perfil es pugui adaptar a alguna de les nostres vacants. Rep una cordial salutaci\u00f3.[\/et_pb_text][\/et_pb_column][\/et_pb_row][\/et_pb_section]<\/p>\n","protected":false},"excerpt":{"rendered":"<p>Gr\u00e0cies per enviar el teu curr\u00edculum Hem rebut les teves dades. Et contactarem en el cas que el teu perfil es pugui adaptar a alguna de les nostres vacants. Rep una cordial salutaci\u00f3.<\/p>\n","protected":false},"author":6,"featured_media":0,"parent":0,"menu_order":0,"comment_status":"closed","ping_status":"closed","template":"","meta":{"_et_pb_use_builder":"on","_et_pb_old_content":"","_et_gb_content_width":"","footnotes":""},"class_list":["post-8548","page","type-page","status-publish","hentry"],"yoast_head":"<!-- This site is optimized with the Yoast SEO plugin v27.5 - https:\/\/yoast.com\/product\/yoast-seo-wordpress\/ -->\n<title>Formulari de curr\u00edculum enviat a Escola d&#039;Oficis Catalunya<\/title>\n<meta name=\"description\" content=\"Confirmaci\u00f3 d&#039;enviament de les teves dades i curr\u00edculum a EOC Barcelona. Gr\u00e0cies per voler formar part del nostre gran equip.\" \/>\n<meta name=\"robots\" content=\"index, follow, max-snippet:-1, max-image-preview:large, max-video-preview:-1\" \/>\n<link rel=\"canonical\" href=\"https:\/\/eoc.cat\/ca\/formulari-cv\/\" \/>\n<meta property=\"og:locale\" content=\"ca_ES\" \/>\n<meta property=\"og:type\" content=\"article\" \/>\n<meta property=\"og:title\" content=\"Formulari de curr\u00edculum enviat a Escola d&#039;Oficis Catalunya\" \/>\n<meta property=\"og:description\" content=\"Confirmaci\u00f3 d&#039;enviament de les teves dades i curr\u00edculum a EOC Barcelona. Gr\u00e0cies per voler formar part del nostre gran equip.\" \/>\n<meta property=\"og:url\" content=\"https:\/\/eoc.cat\/ca\/formulari-cv\/\" \/>\n<meta property=\"og:site_name\" content=\"Escola d&#039;Oficis Catalunya\" \/>\n<meta property=\"article:publisher\" content=\"https:\/\/www.facebook.com\/EscoladOficisCatalunya\" \/>\n<meta property=\"article:modified_time\" content=\"2021-02-24T08:11:24+00:00\" \/>\n<meta property=\"og:image\" content=\"https:\/\/eoc.cat\/wp-content\/uploads\/2020\/12\/escuela-fp.jpg\" \/>\n\t<meta property=\"og:image:width\" content=\"1200\" \/>\n\t<meta property=\"og:image:height\" content=\"628\" \/>\n\t<meta property=\"og:image:type\" content=\"image\/jpeg\" \/>\n<meta name=\"twitter:card\" content=\"summary_large_image\" \/>\n<meta name=\"twitter:title\" content=\"Formulari de curr\u00edculum enviat a Escola d&#039;Oficis Catalunya\" \/>\n<meta name=\"twitter:description\" content=\"Confirmaci\u00f3 d&#039;enviament de les teves dades i curr\u00edculum a EOC Barcelona. Gr\u00e0cies per voler formar part del nostre gran equip.\" \/>\n<meta name=\"twitter:site\" content=\"@escoficat\" \/>\n<script type=\"application\/ld+json\" class=\"yoast-schema-graph\">{\"@context\":\"https:\\\/\\\/schema.org\",\"@graph\":[{\"@type\":\"WebPage\",\"@id\":\"https:\\\/\\\/eoc.cat\\\/ca\\\/formulari-cv\\\/\",\"url\":\"https:\\\/\\\/eoc.cat\\\/ca\\\/formulari-cv\\\/\",\"name\":\"Formulari de curr\u00edculum enviat a Escola d'Oficis Catalunya\",\"isPartOf\":{\"@id\":\"https:\\\/\\\/eoc.cat\\\/#website\"},\"datePublished\":\"2021-02-24T08:10:49+00:00\",\"dateModified\":\"2021-02-24T08:11:24+00:00\",\"description\":\"Confirmaci\u00f3 d'enviament de les teves dades i curr\u00edculum a EOC Barcelona. Gr\u00e0cies per voler formar part del nostre gran equip.\",\"breadcrumb\":{\"@id\":\"https:\\\/\\\/eoc.cat\\\/ca\\\/formulari-cv\\\/#breadcrumb\"},\"inLanguage\":\"ca\",\"potentialAction\":[{\"@type\":\"ReadAction\",\"target\":[\"https:\\\/\\\/eoc.cat\\\/ca\\\/formulari-cv\\\/\"]}]},{\"@type\":\"BreadcrumbList\",\"@id\":\"https:\\\/\\\/eoc.cat\\\/ca\\\/formulari-cv\\\/#breadcrumb\",\"itemListElement\":[{\"@type\":\"ListItem\",\"position\":1,\"name\":\"Portada\",\"item\":\"https:\\\/\\\/eoc.cat\\\/ca\\\/\"},{\"@type\":\"ListItem\",\"position\":2,\"name\":\"Formulari CV\"}]},{\"@type\":\"WebSite\",\"@id\":\"https:\\\/\\\/eoc.cat\\\/#website\",\"url\":\"https:\\\/\\\/eoc.cat\\\/\",\"name\":\"Escola d'Oficis Catalunya\",\"description\":\"Escuela de formaci\u00f3n profesional para adultos y j\u00f3venes\",\"publisher\":{\"@id\":\"https:\\\/\\\/eoc.cat\\\/#organization\"},\"alternateName\":\"EOC\",\"potentialAction\":[{\"@type\":\"SearchAction\",\"target\":{\"@type\":\"EntryPoint\",\"urlTemplate\":\"https:\\\/\\\/eoc.cat\\\/?s={search_term_string}\"},\"query-input\":{\"@type\":\"PropertyValueSpecification\",\"valueRequired\":true,\"valueName\":\"search_term_string\"}}],\"inLanguage\":\"ca\"},{\"@type\":\"Organization\",\"@id\":\"https:\\\/\\\/eoc.cat\\\/#organization\",\"name\":\"Escola d'Oficis Catalunya\",\"alternateName\":\"EOC\",\"url\":\"https:\\\/\\\/eoc.cat\\\/\",\"logo\":{\"@type\":\"ImageObject\",\"inLanguage\":\"ca\",\"@id\":\"https:\\\/\\\/eoc.cat\\\/#\\\/schema\\\/logo\\\/image\\\/\",\"url\":\"https:\\\/\\\/eoc.cat\\\/wp-content\\\/uploads\\\/2020\\\/12\\\/eoc-logotipo.png\",\"contentUrl\":\"https:\\\/\\\/eoc.cat\\\/wp-content\\\/uploads\\\/2020\\\/12\\\/eoc-logotipo.png\",\"width\":274,\"height\":118,\"caption\":\"Escola d'Oficis Catalunya\"},\"image\":{\"@id\":\"https:\\\/\\\/eoc.cat\\\/#\\\/schema\\\/logo\\\/image\\\/\"},\"sameAs\":[\"https:\\\/\\\/www.facebook.com\\\/EscoladOficisCatalunya\",\"https:\\\/\\\/x.com\\\/escoficat\",\"https:\\\/\\\/www.instagram.com\\\/escoladoficiscatalunya\\\/\",\"https:\\\/\\\/www.linkedin.com\\\/school\\\/escoladoficiscatalunya\\\/\",\"https:\\\/\\\/www.youtube.com\\\/channel\\\/UC_HLShkY7t1pf1CrXPw-gRQ\"]}]}<\/script>\n<!-- \/ Yoast SEO plugin. -->","yoast_head_json":{"title":"Formulari de curr\u00edculum enviat a Escola d'Oficis Catalunya","description":"Confirmaci\u00f3 d'enviament de les teves dades i curr\u00edculum a EOC Barcelona. Gr\u00e0cies per voler formar part del nostre gran equip.","robots":{"index":"index","follow":"follow","max-snippet":"max-snippet:-1","max-image-preview":"max-image-preview:large","max-video-preview":"max-video-preview:-1"},"canonical":"https:\/\/eoc.cat\/ca\/formulari-cv\/","og_locale":"ca_ES","og_type":"article","og_title":"Formulari de curr\u00edculum enviat a Escola d'Oficis Catalunya","og_description":"Confirmaci\u00f3 d'enviament de les teves dades i curr\u00edculum a EOC Barcelona. Gr\u00e0cies per voler formar part del nostre gran equip.","og_url":"https:\/\/eoc.cat\/ca\/formulari-cv\/","og_site_name":"Escola d&#039;Oficis Catalunya","article_publisher":"https:\/\/www.facebook.com\/EscoladOficisCatalunya","article_modified_time":"2021-02-24T08:11:24+00:00","og_image":[{"width":1200,"height":628,"url":"https:\/\/eoc.cat\/wp-content\/uploads\/2020\/12\/escuela-fp.jpg","type":"image\/jpeg"}],"twitter_card":"summary_large_image","twitter_title":"Formulari de curr\u00edculum enviat a Escola d'Oficis Catalunya","twitter_description":"Confirmaci\u00f3 d'enviament de les teves dades i curr\u00edculum a EOC Barcelona. Gr\u00e0cies per voler formar part del nostre gran equip.","twitter_site":"@escoficat","schema":{"@context":"https:\/\/schema.org","@graph":[{"@type":"WebPage","@id":"https:\/\/eoc.cat\/ca\/formulari-cv\/","url":"https:\/\/eoc.cat\/ca\/formulari-cv\/","name":"Formulari de curr\u00edculum enviat a Escola d'Oficis Catalunya","isPartOf":{"@id":"https:\/\/eoc.cat\/#website"},"datePublished":"2021-02-24T08:10:49+00:00","dateModified":"2021-02-24T08:11:24+00:00","description":"Confirmaci\u00f3 d'enviament de les teves dades i curr\u00edculum a EOC Barcelona. Gr\u00e0cies per voler formar part del nostre gran equip.","breadcrumb":{"@id":"https:\/\/eoc.cat\/ca\/formulari-cv\/#breadcrumb"},"inLanguage":"ca","potentialAction":[{"@type":"ReadAction","target":["https:\/\/eoc.cat\/ca\/formulari-cv\/"]}]},{"@type":"BreadcrumbList","@id":"https:\/\/eoc.cat\/ca\/formulari-cv\/#breadcrumb","itemListElement":[{"@type":"ListItem","position":1,"name":"Portada","item":"https:\/\/eoc.cat\/ca\/"},{"@type":"ListItem","position":2,"name":"Formulari CV"}]},{"@type":"WebSite","@id":"https:\/\/eoc.cat\/#website","url":"https:\/\/eoc.cat\/","name":"Escola d'Oficis Catalunya","description":"Escuela de formaci\u00f3n profesional para adultos y j\u00f3venes","publisher":{"@id":"https:\/\/eoc.cat\/#organization"},"alternateName":"EOC","potentialAction":[{"@type":"SearchAction","target":{"@type":"EntryPoint","urlTemplate":"https:\/\/eoc.cat\/?s={search_term_string}"},"query-input":{"@type":"PropertyValueSpecification","valueRequired":true,"valueName":"search_term_string"}}],"inLanguage":"ca"},{"@type":"Organization","@id":"https:\/\/eoc.cat\/#organization","name":"Escola d'Oficis Catalunya","alternateName":"EOC","url":"https:\/\/eoc.cat\/","logo":{"@type":"ImageObject","inLanguage":"ca","@id":"https:\/\/eoc.cat\/#\/schema\/logo\/image\/","url":"https:\/\/eoc.cat\/wp-content\/uploads\/2020\/12\/eoc-logotipo.png","contentUrl":"https:\/\/eoc.cat\/wp-content\/uploads\/2020\/12\/eoc-logotipo.png","width":274,"height":118,"caption":"Escola d'Oficis Catalunya"},"image":{"@id":"https:\/\/eoc.cat\/#\/schema\/logo\/image\/"},"sameAs":["https:\/\/www.facebook.com\/EscoladOficisCatalunya","https:\/\/x.com\/escoficat","https:\/\/www.instagram.com\/escoladoficiscatalunya\/","https:\/\/www.linkedin.com\/school\/escoladoficiscatalunya\/","https:\/\/www.youtube.com\/channel\/UC_HLShkY7t1pf1CrXPw-gRQ"]}]}},"_links":{"self":[{"href":"https:\/\/eoc.cat\/ca\/wp-json\/wp\/v2\/pages\/8548","targetHints":{"allow":["GET"]}}],"collection":[{"href":"https:\/\/eoc.cat\/ca\/wp-json\/wp\/v2\/pages"}],"about":[{"href":"https:\/\/eoc.cat\/ca\/wp-json\/wp\/v2\/types\/page"}],"author":[{"embeddable":true,"href":"https:\/\/eoc.cat\/ca\/wp-json\/wp\/v2\/users\/6"}],"replies":[{"embeddable":true,"href":"https:\/\/eoc.cat\/ca\/wp-json\/wp\/v2\/comments?post=8548"}],"version-history":[{"count":5,"href":"https:\/\/eoc.cat\/ca\/wp-json\/wp\/v2\/pages\/8548\/revisions"}],"predecessor-version":[{"id":8561,"href":"https:\/\/eoc.cat\/ca\/wp-json\/wp\/v2\/pages\/8548\/revisions\/8561"}],"wp:attachment":[{"href":"https:\/\/eoc.cat\/ca\/wp-json\/wp\/v2\/media?parent=8548"}],"curies":[{"name":"wp","href":"https:\/\/api.w.org\/{rel}","templated":true}]}}

<p>[et_pb_section fb_built=&#8221;1&#8243; admin_label=&#8221;MOLLES DE PA CURSOS CA&#8221; _builder_version=&#8221;4.7.7&#8243; _module_preset=&#8221;default&#8221;][et_pb_row column_structure=&#8221;3_4,1_4&#8243; make_equal=&#8221;on&#8221; _builder_version=&#8221;4.7.7&#8243; _module_preset=&#8221;default&#8221;][et_pb_column type=&#8221;3_4&#8243; _builder_version=&#8221;4.7.7&#8243; _module_preset=&#8221;default&#8221;][et_pb_dmb_breadcrumbs font_icon=&#8221;%%20%%&#8221; _builder_version=&#8221;4.7.7&#8243; _module_preset=&#8221;default&#8221; body_text_align=&#8221;left&#8221; link_text_color=&#8221;#004b87&#8243; linkhover_text_color=&#8221;#002855&#8243; custom_padding=&#8221;10px||||false|false&#8221;][/et_pb_dmb_breadcrumbs][/et_pb_column][et_pb_column type=&#8221;1_4&#8243; _builder_version=&#8221;4.7.7&#8243; _module_preset=&#8221;default&#8221;][/et_pb_column][/et_pb_row][/et_pb_section][et_pb_section fb_built=&#8221;1&#8243; admin_label=&#8221;CAPÇALERA CURS CA&#8221; _builder_version=&#8221;4.7.7&#8243; _module_preset=&#8221;default&#8221; background_color=&#8221;#004b87&#8243;][et_pb_row _builder_version=&#8221;4.7.7&#8243; _module_preset=&#8221;default&#8221;][et_pb_column type=&#8221;4_4&#8243; _builder_version=&#8221;4.7.7&#8243; _module_preset=&#8221;default&#8221;][et_pb_text admin_label=&#8221;H1 + intro&#8221; _builder_version=&#8221;4.7.7&#8243; _module_preset=&#8221;default&#8221; background_layout=&#8221;dark&#8221;]</p>
<h1>Gràcies per enviar el teu currículum</h1>
<p>Hem rebut les teves dades. Et contactarem en el cas que el teu perfil es pugui adaptar a alguna de les nostres vacants. Rep una cordial salutació.[/et_pb_text][/et_pb_column][/et_pb_row][/et_pb_section]</p>

<p>Gràcies per enviar el teu currículum Hem rebut les teves dades. Et contactarem en el cas que el teu perfil es pugui adaptar a alguna de les nostres vacants. Rep una cordial salutació.</p>

<!-- This site is optimized with the Yoast SEO plugin v27.5 - https://yoast.com/product/yoast-seo-wordpress/ -->
<title>Formulari de currículum enviat a Escola d&#039;Oficis Catalunya</title>
<meta name="description" content="Confirmació d&#039;enviament de les teves dades i currículum a EOC Barcelona. Gràcies per voler formar part del nostre gran equip." />
<meta name="robots" content="index, follow, max-snippet:-1, max-image-preview:large, max-video-preview:-1" />
<link rel="canonical" href="https://eoc.cat/ca/formulari-cv/" />
<meta property="og:locale" content="ca_ES" />
<meta property="og:type" content="article" />
<meta property="og:title" content="Formulari de currículum enviat a Escola d&#039;Oficis Catalunya" />
<meta property="og:description" content="Confirmació d&#039;enviament de les teves dades i currículum a EOC Barcelona. Gràcies per voler formar part del nostre gran equip." />
<meta property="og:url" content="https://eoc.cat/ca/formulari-cv/" />
<meta property="og:site_name" content="Escola d&#039;Oficis Catalunya" />
<meta property="article:publisher" content="https://www.facebook.com/EscoladOficisCatalunya" />
<meta property="article:modified_time" content="2021-02-24T08:11:24+00:00" />
<meta property="og:image" content="https://eoc.cat/wp-content/uploads/2020/12/escuela-fp.jpg" />
	<meta property="og:image:width" content="1200" />
	<meta property="og:image:height" content="628" />
	<meta property="og:image:type" content="image/jpeg" />
<meta name="twitter:card" content="summary_large_image" />
<meta name="twitter:title" content="Formulari de currículum enviat a Escola d&#039;Oficis Catalunya" />
<meta name="twitter:description" content="Confirmació d&#039;enviament de les teves dades i currículum a EOC Barcelona. Gràcies per voler formar part del nostre gran equip." />
<meta name="twitter:site" content="@escoficat" />
<script type="application/ld+json" class="yoast-schema-graph">{"@context":"https:\/\/schema.org","@graph":[{"@type":"WebPage","@id":"https:\/\/eoc.cat\/ca\/formulari-cv\/","url":"https:\/\/eoc.cat\/ca\/formulari-cv\/","name":"Formulari de currículum enviat a Escola d'Oficis Catalunya","isPartOf":{"@id":"https:\/\/eoc.cat\/#website"},"datePublished":"2021-02-24T08:10:49+00:00","dateModified":"2021-02-24T08:11:24+00:00","description":"Confirmació d'enviament de les teves dades i currículum a EOC Barcelona. Gràcies per voler formar part del nostre gran equip.","breadcrumb":{"@id":"https:\/\/eoc.cat\/ca\/formulari-cv\/#breadcrumb"},"inLanguage":"ca","potentialAction":[{"@type":"ReadAction","target":["https:\/\/eoc.cat\/ca\/formulari-cv\/"]}]},{"@type":"BreadcrumbList","@id":"https:\/\/eoc.cat\/ca\/formulari-cv\/#breadcrumb","itemListElement":[{"@type":"ListItem","position":1,"name":"Portada","item":"https:\/\/eoc.cat\/ca\/"},{"@type":"ListItem","position":2,"name":"Formulari CV"}]},{"@type":"WebSite","@id":"https:\/\/eoc.cat\/#website","url":"https:\/\/eoc.cat\/","name":"Escola d'Oficis Catalunya","description":"Escuela de formación profesional para adultos y jóvenes","publisher":{"@id":"https:\/\/eoc.cat\/#organization"},"alternateName":"EOC","potentialAction":[{"@type":"SearchAction","target":{"@type":"EntryPoint","urlTemplate":"https:\/\/eoc.cat\/?s={search_term_string}"},"query-input":{"@type":"PropertyValueSpecification","valueRequired":true,"valueName":"search_term_string"}}],"inLanguage":"ca"},{"@type":"Organization","@id":"https:\/\/eoc.cat\/#organization","name":"Escola d'Oficis Catalunya","alternateName":"EOC","url":"https:\/\/eoc.cat\/","logo":{"@type":"ImageObject","inLanguage":"ca","@id":"https:\/\/eoc.cat\/#\/schema\/logo\/image\/","url":"https:\/\/eoc.cat\/wp-content\/uploads\/2020\/12\/eoc-logotipo.png","contentUrl":"https:\/\/eoc.cat\/wp-content\/uploads\/2020\/12\/eoc-logotipo.png","width":274,"height":118,"caption":"Escola d'Oficis Catalunya"},"image":{"@id":"https:\/\/eoc.cat\/#\/schema\/logo\/image\/"},"sameAs":["https:\/\/www.facebook.com\/EscoladOficisCatalunya","https:\/\/x.com\/escoficat","https:\/\/www.instagram.com\/escoladoficiscatalunya\/","https:\/\/www.linkedin.com\/school\/escoladoficiscatalunya\/","https:\/\/www.youtube.com\/channel\/UC_HLShkY7t1pf1CrXPw-gRQ"]}]}</script>
<!-- / Yoast SEO plugin. -->

Formulari de currículum enviat a Escola d'Oficis Catalunya

Confirmació d'enviament de les teves dades i currículum a EOC Barcelona. Gràcies per voler formar part del nostre gran equip.

Escuela de formación profesional para adultos y jóvenes
